{"id":1280,"date":"2016-03-07T11:45:46","date_gmt":"2016-03-07T09:45:46","guid":{"rendered":"http:\/\/www.ariplikat.de\/illustration\/?page_id=1280"},"modified":"2018-05-23T17:56:42","modified_gmt":"2018-05-23T15:56:42","slug":"datenschutz","status":"publish","type":"page","link":"https:\/\/www.ariplikat.de\/illustration\/datenschutz\/","title":{"rendered":"Datenschutzerkl\u00e4rung"},"content":{"rendered":"<p>Uns ist es ein wichtiges Anliegen, Ihre Daten, welche anl\u00e4sslich Ihres Besuchs bei ariplikat.de erfasst werden k\u00f6nnen, zu sch\u00fctzen.<br \/>\nDie gesetzlichen Bestimmungen zum Schutz Ihrer Daten finden sich in der Datenschutzgrundverordnung und im Bundesdatenschutzgesetz.<br \/>\n<br \/>\nVerantwortliche Stelle im Sinne der datenschutzrechtlichen Bestimmungen ist<br \/>\n<br \/>\nAri Plikat<br \/>\nThierschweg 25<br \/>\n44141 Dortmund<br \/>\n0231 515227<br \/>\n<a href=\"mailto:ari.plikat@t-online.de\">ari.plikat@t-online.de<\/a><br \/>\n<br \/>\nNachfolgend finden Sie Informationen, welche Daten wir w\u00e4hrend Ihres Besuchs auf unserer Seite erfassen und wie diese genutzt werden. Sollten Sie noch Fragen haben, k\u00f6nnen Sie sich gerne an uns unter <a href=\"mailto:ari.plikat@t-online.de\">ari.plikat@t-online.de<\/a><br \/>\nwenden.<br \/>\n<br \/>\nSie haben zudem das Recht, sich bei widerrechtlicher Verwendung der Daten bei der zust\u00e4ndigen Aufsichtsbeh\u00f6rde zu beschweren. Dies ist:<br \/>\n<br \/>\nLandesbeauftragte f\u00fcr Datenschutz und Informationsfreiheit<br \/>\nNordrhein-Westfalen<br \/>\nPostfach 20 04 44<br \/>\n40102 D\u00fcsseldorf<br \/>\nTel.: 0211\/38424-0<br \/>\nFax: 0211\/38424-10<br \/>\nE-Mail: <a href=\"mailto:poststelle@ldi.nrw.de\">poststelle@ldi.nrw.de<\/a><br \/>\n<br \/>\n<strong>1. Serverdatenerhebung<\/strong><br \/>\n<br \/>\nBeim Besuch unserer Seite werden verschiedene Serverstatistiken automatisch gespeichert, die Ihr Browser an den Server unseres Providers \u00fcbermittelt. Unter anderem werden Name der abgerufenen Webseite, Datei, Datum und Uhrzeit des Abrufs, Browsertyp nebst Version, Referrer URL (die zuvor besuchte Seite), IP-Adresse und das Betriebssystem. geloggt.<\/p>\n<p>Diese Daten dienen der statistischen Auswertung der Besuche unserer Seite und sind f\u00fcr uns nicht bestimmten Personen zuordenbar. Rechtsgrundlage der Datenerfassung ist Art. 6 I f DSGVO. Eine Zusammenf\u00fchrung dieser Daten mit anderen Datenquellen wird nicht vorgenommen. Die IP-Adresse wird anonymisiert. Unser berechtigtes Interesse an der Erhebung dieser Daten begr\u00fcndet sich darin, dass wir anhand der Daten unser Angebot f\u00fcr User optimieren k\u00f6nnen, indem wir z.B. Zugriffe von Schadseiten verhindern oder den Zugriff \u00fcber bestimmter Browser optimieren k\u00f6nnen, und durch den Log der IP-Adresse die Auslieferung der Seite an den Besucher erst erm\u00f6glicht wird.<\/p>\n<p>Sie haben grunds\u00e4tzlich ein Recht auf Widerspruch dieser Datenerhebung. Dieses kommt hier ausnahmsweise faktisch nicht in Betracht, da ansonsten die Nutzung der Seite unm\u00f6glich w\u00e4re.<br \/>\nDie Daten werden nach 6 Wochen gel\u00f6scht.<br \/>\n<br \/>\n<strong>2. Nutzung und Weitergabe personenbezogener Daten<\/strong><br \/>\n<br \/>\n<em>a. Allgemeines<\/em><br \/>\n<br \/>\nSoweit Sie uns personenbezogene Daten zur Verf\u00fcgung gestellt haben, verwenden wir diese zur Beantwortung Ihrer Anfragen und f\u00fcr die technische Administration. Ihre personenbezogenen Daten werden nur weitergeben, wenn dies gesetzlich notwendig, z.B. strafrechtlich relevanten \u00c4u\u00dferungen im Rahmen eines Kommentars, ist oder sie zuvor eingewilligt haben. Sie haben das Recht, eine erteilte Einwilligung mit Wirkung f\u00fcr die Zukunft jederzeit zu widerrufen, siehe auch Ziffer 6 zu Ihren Betroffenenrechten.<br \/>\nIhnen steht ein jederzeitiges Auskunfts- und Widerspruchsrecht zu Ihren von uns gespeicherten Daten zu, s.u. Ziffer 5 zu Ihren Betroffenenrechten.<br \/>\n<br \/>\n<em>b. Anfrage per E-Mail<\/em><br \/>\n<br \/>\nSenden Sie uns eine Kontaktanfrage per E-Mail, erheben und speichern wir die E-Mail-Adresse und die in der E-Mail enthaltenen Daten zum Zwecke der Beantwortung Ihrer Anfrage.<br \/>\nRechtsgrundlage ist Art. 6 I (a) DSGVO, da Sie bei Verwendung des Formulars in die o.a. Verarbeitung Ihrer Daten einwilligen.<br \/>\nDie L\u00f6schung der Daten erfolgt, wenn der Zweck der Speicherung entfallen ist, also nach Beantwortung Ihrer E-Mail-\/Kontaktformular-Anfrage bzw. wenn die mit der Anfrage verbundene Angelegenheit abschlie\u00dfend gekl\u00e4rt ist.<br \/>\nSie haben das Recht, die erteilte Einwilligung jederzeit zu widerrufen, ohne dass die Rechtm\u00e4\u00dfigkeit der aufgrund der Einwilligung erfolgten Verarbeitung ber\u00fchrt wird.<br \/>\nZum Anspruch auf L\u00f6schung und Auskunft, s. unten Ziffer 5 zu Ihren Betroffenenrechten.<br \/>\n<br \/>\n<strong>3. Cookies<br \/>\n<\/strong><br \/>\nDiese Seite verwendet Cookies. Das sind kleine Textdateien, die beim Besuch unserer Seite in Ihrem Internetbrowser (z.B. Firefox, Chrome, Microsoft Explorer\/Edge, Safarai etc.) oder von diesem auf Ihrem Computer (i.e.S. Ihrem Betriebssystem) gespeichert werden. Mit Hilfe des Cookies, der eine bestimmte Zeichenfolge enth\u00e4lt, erkennt unsere Webseite Ihren Internetbrowser beim Aufruf wieder. Wir verwenden eigene Cookies, so genannte Session-Cookies unseres CMS-Systems WordPress. Diese dienen dazu, die Nutzung der Internetseite zu verbessern und die Darstellung der Inhalte f\u00fcr Sie zu optimieren.<br \/>\nRechtsgrundlage ist Art. 6 I (f). Unser berechtigtes Interesse ergibt sich daraus, dass wir mit den vorgenannten Cookies lediglich die Abrufbarkeit der Seite f\u00fcr Sie erleichtern, keinerlei Tracking-Daten dabei erheben und somit keinen Eingriff in Ihre Pers\u00f6nlichkeitsrechte und Grundfreiheiten erfolgt.<br \/>\nSie k\u00f6nnen in Ihrem Webbrowser die Annahme von Cookies ausschlie\u00dfen. Dies kann aber u.U. zu Beeintr\u00e4chtigungen in der Funktionalit\u00e4t f\u00fchren. Zu Ihren weiteren Betroffenenrechten s. unten Ziffer 5.<br \/>\nDie Session-Cookies sind lediglich f\u00fcr die Dauer Ihrer Browsersitzung g\u00fcltig und werden mit Beendigung des Besuchs unserer Seite gel\u00f6scht.<br \/>\n<br \/>\n<strong>4. Kommentarfunktion<br \/>\n<\/strong><br \/>\nWir verwenden keine Kommentarfunktion.<br \/>\n<br \/>\n<strong>5. Betroffenenrechte<\/strong><br \/>\n<br \/>\n<em>a. Auskunftsrechte<\/em><br \/>\n<br \/>\nSie haben jederzeit das Recht auf unentgeltliche Auskunft \u00fcber die von uns \u00fcber Sie gespeicherten personenbezogenen Daten. Sie k\u00f6nnen \u00fcber folgende Informationen Auskunft verlangen. Wir haben die Auskunft binnen Monatsfrist zu erteilen:<\/p>\n<p>(1) die Zwecke, zu denen die personenbezogenen Daten verarbeitet werden;<br \/>\n(2) die Kategorien von personenbezogenen Daten, welche verarbeitet werden;<br \/>\n(3) die Empf\u00e4nger bzw. die Kategorien von Empf\u00e4ngern, gegen\u00fcber denen die Sie betreffenden personenbezogenen Daten offengelegt wurden oder noch offengelegt werden;<br \/>\n(4) die geplante Dauer der Speicherung der Sie betreffenden personenbezogenen Daten oder, falls konkrete Angaben hierzu nicht m\u00f6glich sind, Kriterien f\u00fcr die Festlegung der Speicherdauer;<br \/>\n(5) das Bestehen eines Rechts auf Berichtigung oder L\u00f6schung der Sie betreffenden personenbezogenen Daten, eines Rechts auf Einschr\u00e4nkung der Verarbeitung durch den Verantwortlichen oder eines Widerspruchsrechts gegen diese Verarbeitung;<br \/>\n(6) das Bestehen eines Beschwerderechts bei einer Aufsichtsbeh\u00f6rde;<br \/>\n(7) alle verf\u00fcgbaren Informationen \u00fcber die Herkunft der Daten, wenn die personenbezogenen Daten nicht bei der betroffenen Person erhoben werden;<br \/>\n(8) das Bestehen einer automatisierten Entscheidungsfindung einschlie\u00dflich Profiling gem\u00e4\u00df Art.22 Abs.1 und 4 DSGVO und \u2013 zumindest in diesen F\u00e4llen \u2013 aussagekr\u00e4ftige Informationen \u00fcber die involvierte Logik sowie die Tragweite und die angestrebten Auswirkungen einer derartigen Verarbeitung f\u00fcr die betroffene Person. Wir machen darauf aufmerksam, dass derartige automatisierte Entscheidungsfindungen unsererseits nicht stattfinden.<br \/>\n(9) dar\u00fcber, ob die Sie betreffenden personenbezogenen Daten in ein Drittland oder an eine internationale Organisation \u00fcbermittelt werden. In diesem Zusammenhang k\u00f6nnen Sie verlangen, \u00fcber die geeigneten Garantien gem. Art.46 DSGVO im Zusammenhang mit der \u00dcbermittlung unterrichtet zu werden.<br \/>\n<br \/>\n<em>b. Recht auf Berichtigung<\/em><br \/>\n<br \/>\nSie haben das Recht, von uns unverz\u00fcglich die Berichtigung Sie betreffender unrichtiger personenbezogener bzw. die Vervollst\u00e4ndigung unvollst\u00e4ndiger personenbezogener Daten zu verlangen.<br \/>\n<br \/>\n<em>c. Recht auf L\u00f6schung<\/em><br \/>\n<br \/>\nAnspruch auf L\u00f6schung<br \/>\nSie haben das Recht, dass die Sie betreffenden personenbezogenen Daten unverz\u00fcglich gel\u00f6scht werden, und wir sind verpflichtet, diese Daten unverz\u00fcglich zu l\u00f6schen, sofern einer der folgenden Gr\u00fcnde zutrifft:<br \/>\n(1) Die Sie betreffenden personenbezogenen Daten sind f\u00fcr die Zwecke, f\u00fcr die sie erhoben oder auf sonstige Weise verarbeitet wurden, nicht mehr notwendig.<br \/>\n(2) Sie widerrufen Ihre Einwilligung, auf die sich die Verarbeitung gem. Art. 6 I (a) st\u00fctzte, und es fehlt an einer anderweitigen Rechtsgrundlage f\u00fcr die Verarbeitung.<br \/>\n(3) Sie legen gem. Art. 21 I DSGVO Widerspruch gegen die Verarbeitung Ihrer Daten, die wir auf Grundlage unserer dargelegten berechtigten Interessen (z.B. bei Google Analytics) erheben, ein und es liegen keine vorrangigen berechtigten Gr\u00fcnde f\u00fcr die Verarbeitung vor, oder Sie legen gem. Art.21 II DSGVO Widerspruch gegen die Verarbeitung im Rahmen der Direktwerbung ein.<br \/>\n(4) Die Sie betreffenden personenbezogenen Daten wurden von uns unrechtm\u00e4\u00dfig, zum Beispiel ohne Einwilligung oder ohne berechtigte Interessen, verarbeitet.<br \/>\n(5) Die L\u00f6schung der Sie betreffenden personenbezogenen Daten ist zur Erf\u00fcllung einer uns treffenden rechtlichen Verpflichtung nach dem Unionsrecht oder nach dem deutschen Recht erforderlich.<br \/>\n(6) Die Daten wurden im Rahmen von angebotenen Dienste der Informationsgesellschaft gegen\u00fcber Ihnen als Minderj\u00e4hriger gem\u00e4\u00df Art.8 ADSGVO erhoben.<\/p>\n<p>Haben wir personenbezogene Daten von Ihnen ver\u00f6ffentlicht und sind wir aus einem der vorgenannten Gr\u00fcnde zur L\u00f6schung verpflichtet, so werden wir die Unternehmen, auf deren Internetseiten die Daten ver\u00f6ffentlicht wurden, \u00fcber Ihren Wunsch auf L\u00f6schung in angemessener Art und Weise informieren und darlegen, dass Sie als betroffene Person von uns die L\u00f6schung aller Links zu diesen Daten sowie die L\u00f6schung aller Kopien oder Replikationen verlangt haben.<br \/>\n<br \/>\nAusnahmen<br \/>\nDas Recht auf L\u00f6schung besteht nicht, soweit die Verarbeitung erforderlich ist<br \/>\n(1) zur Aus\u00fcbung des Rechts auf freie Meinungs\u00e4u\u00dferung und Information;<br \/>\n(2) zur Erf\u00fcllung einer rechtlichen Verpflichtung, die die Verarbeitung nach dem Recht der Union oder dem deutschen Recht erfordert, z.B. im Rahmen der steuerrechtlichen Aufbewahrungspflichten, oder zur Wahrnehmung einer Aufgabe, die im \u00f6ffentlichen Interesse liegt oder in Aus\u00fcbung \u00f6ffentlicher Gewalt erfolgt, die uns \u00fcbertragen wurde;<br \/>\n(3) aus Gr\u00fcnden des \u00f6ffentlichen Interesses im Bereich der \u00f6ffentlichen Gesundheit gem\u00e4\u00df Art. Art.9 II (h) und (i) sowie Art.9 III DSGVO;<br \/>\n4) f\u00fcr im \u00f6ffentlichen Interesse liegende Archivzwecke, wissenschaftliche oder historische Forschungszwecke oder f\u00fcr statistische Zwecke gem. Art.89 (I) DSGVO, soweit das Recht auf L\u00f6schung voraussichtlich die Verwirklichung der Ziele dieser Verarbeitung unm\u00f6glich macht oder ernsthaft beeintr\u00e4chtigt, oder<br \/>\n(5) zur Geltendmachung, Aus\u00fcbung oder Verteidigung von Rechtsanspr\u00fcchen, z.B. in Gerichtsverfahren.<br \/>\n<br \/>\n<em>d. Recht auf Einschr\u00e4nkung der Datenverarbeitung<\/em><br \/>\n<br \/>\nSie haben das Recht, von uns die Einschr\u00e4nkung der Verarbeitung zu verlangen, wenn eine der folgenden Voraussetzungen gegeben ist:<br \/>\n(1) Wenn Sie die Richtigkeit der personenbezogenen Daten bestreiten, und zwar f\u00fcr eine Dauer, die es uns erm\u00f6glicht, die Richtigkeit der personenbezogenen Daten zu \u00fcberpr\u00fcfen,<br \/>\n(2) Wenn die Verarbeitung unrechtm\u00e4\u00dfig ist und Sie die L\u00f6schung der personenbezogenen Daten ablehnen und stattdessen die Einschr\u00e4nkung der Nutzung der personenbezogenen Daten verlangen.<br \/>\n(3) Wenn wir die personenbezogenen Daten f\u00fcr die Zwecke der Verarbeitung nicht l\u00e4nger ben\u00f6tigen, Sie sie jedoch zur Geltendmachung, Aus\u00fcbung oder Verteidigung von Rechtsanspr\u00fcchen ben\u00f6tigten.<br \/>\n(4) Wenn Sie Widerspruch gegen die Verarbeitung Ihrer personenbezogenen Daten, die wir auf Grundlage unserer dargelegten berechtigten Interessen (z.B. bei Google Analytics) erheben, eingelegt haben, solange noch nicht feststeht, ob unsere berechtigten Gr\u00fcnde gegen\u00fcber Ihren Rechten \u00fcberwiegen.<br \/>\nWurde die Verarbeitung gem\u00e4\u00df der vorgenannten Gr\u00fcnde eingeschr\u00e4nkt, so d\u00fcrfen diese personenbezogenen Daten \u2013 von ihrer Speicherung abgesehen \u2013 nur mit Ihrer Einwilligung oder zur Geltendmachung, Aus\u00fcbung oder Verteidigung von Rechtsanspr\u00fcchen oder zum Schutz der Rechte einer anderen nat\u00fcrlichen oder juristischen Person (GmbH, AG etc.) oder aus Gr\u00fcnden eines wichtigen \u00f6ffentlichen Interesses der Union oder eines Mitgliedstaats verarbeitet werden.<br \/>\nWenn Sie die Einschr\u00e4nkung der Verarbeitung erwirkt haben, werden Sie von uns unterrichtet, bevor die Einschr\u00e4nkung aufgehoben wird.<br \/>\n<br \/>\n<em>e. Mitteilungspflicht<\/em><br \/>\n<br \/>\nHaben Sie das Recht auf Berichtigung, L\u00f6schung oder Einschr\u00e4nkung der Verarbeitung gegen\u00fcber uns geltend gemacht, sind wir verpflichtet, allen Empf\u00e4ngern, denen die Sie betreffenden personenbezogenen Daten offengelegt wurden, diese Berichtigung oder L\u00f6schung der Daten oder Einschr\u00e4nkung der Verarbeitung mitzuteilen, es sei denn, dies erweist sich als unm\u00f6glich oder ist mit einem unverh\u00e4ltnism\u00e4\u00dfigen Aufwand verbunden.<br \/>\nIhnen steht gegen\u00fcber uns das Recht zu, \u00fcber diese Empf\u00e4nger unterrichtet zu werden.<br \/>\n<br \/>\n<em>f. Recht auf \u00dcbertragbarkeit<\/em><br \/>\n<br \/>\nSie haben das Recht, die Sie betreffenden personenbezogenen Daten, die Sie uns bereitgestellt haben, in einem strukturierten, g\u00e4ngigen und maschinenlesbaren Format zu erhalten. Au\u00dferdem haben Sie das Recht diese Daten einem anderen Unternehmen ohne Behinderung durch uns zu \u00fcbermitteln, sofern<br \/>\n(1) die Verarbeitung auf einer Einwilligung gem. Art. 6 (I) DSGVO oder auf einem Vertrag gem. Art.6 I (b) DSGVO beruht und<br \/>\n(2) die Verarbeitung mithilfe automatisierter Verfahren erfolgt.<br \/>\nIn Aus\u00fcbung dieses Rechts haben Sie ferner das Recht, zu erwirken, dass die Sie betreffenden personenbezogenen Daten direkt von uns einem anderen Unternehmen \u00fcbermittelt werden, soweit dies technisch machbar ist. Freiheiten und Rechte anderer Personen d\u00fcrfen hierdurch nicht beeintr\u00e4chtigt werden.<br \/>\nDas Recht auf Daten\u00fcbertragbarkeit gilt nicht f\u00fcr eine Verarbeitung personenbezogener Daten, die f\u00fcr die Wahrnehmung einer Aufgabe erforderlich ist, die im \u00f6ffentlichen Interesse liegt oder in Aus\u00fcbung \u00f6ffentlicher Gewalt erfolgt, die uns \u00fcbertragen wurde.<br \/>\n<br \/>\n<em>g. Widerspruchsrecht<\/em><br \/>\n<br \/>\nSie haben das Recht, aus Gr\u00fcnden, die sich aus Ihrer besonderen Situation ergeben, jederzeit gegen die Verarbeitung der Sie betreffenden personenbezogenen Daten, die aufgrund von Art. 6 I (e) \u2013erforderliche Verarbeitung aufgrund einer im \u00f6ffentlichen Interesse liegenden Aufgabe- oder (f) DSGVO \u2013 Verarbeitung unter Darlegung unseres berechtigten Interesses, z.B. beim Online-Marketing &#8211; erfolgt, Widerspruch einzulegen; dies gilt auch f\u00fcr ein auf diese Bestimmungen gest\u00fctztes Profiling.<br \/>\nWir verarbeiten die Sie betreffenden personenbezogenen Daten nicht mehr, es sei denn, wir k\u00f6nnen zwingende schutzw\u00fcrdige Gr\u00fcnde f\u00fcr die Verarbeitung nachweisen, die Ihren Interessen, Rechte und Freiheiten \u00fcberwiegen, oder die Verarbeitung dient der Geltendmachung, Aus\u00fcbung oder Verteidigung von Rechtsanspr\u00fcchen.<br \/>\nWerden die Sie betreffenden personenbezogenen Daten verarbeitet, um Direktwerbung zu betreiben, haben Sie das Recht, jederzeit Widerspruch gegen die Verarbeitung der Sie betreffenden personenbezogenen Daten zum Zwecke derartiger Werbung einzulegen; dies gilt auch f\u00fcr das Profiling, soweit es mit solcher Direktwerbung in Verbindung steht.<br \/>\nWidersprechen Sie der Verarbeitung f\u00fcr Zwecke der Direktwerbung, so werden die Sie betreffenden personenbezogenen Daten nicht mehr f\u00fcr diese Zwecke verarbeitet.<br \/>\nSie haben die M\u00f6glichkeit, im Zusammenhang mit der Nutzung von Diensten der Informationsgesellschaft \u2013 ungeachtet der Richtlinie 2002\/58\/EG \u2013 Ihr Widerspruchsrecht mittels automatisierter Verfahren auszu\u00fcben, bei denen technische Spezifikationen verwendet werden.<br \/>\n<br \/>\n<em>h. Recht auf Widerruf der datenschutzrechtlichen Einwilligungserkl\u00e4rung<\/em><br \/>\n<br \/>\nSie haben das Recht, Ihre datenschutzrechtliche Einwilligungserkl\u00e4rung jederzeit zu widerrufen. Durch den Widerruf der Einwilligung wird die Rechtm\u00e4\u00dfigkeit der aufgrund der Einwilligung bis zum Widerruf erfolgten Verarbeitung nicht ber\u00fchrt.<\/p>\n<p><em>i. Ansprechpartner f\u00fcr Betroffenenrechte<\/em><br \/>\nSoweit wir Ihnen die Aus\u00fcbung Ihrer Rechte nicht unmittelbar im Rahmen der Verarbeitung erm\u00f6glichen, k\u00f6nnen Sie sich bitte an uns unter <a href=\"mailto:ari.plikat@t-online.de\">ari.plikat@t-online.de<\/a> oder postalisch unter der im Impressum angegebenen Adresse wenden.<br \/>\n<br \/>\n<strong>6. Webfont von Fonts.com<\/strong><br \/>\n<br \/>\nDiese Seite nutzt zur einheitlichen Darstellung von Schriftarten so genannte Web Fonts, die von der Monotype GmbH (fonts.com) bereitgestellt werden. Beim Aufruf einer Seite l\u00e4dt Ihr Browser die ben\u00f6tigten Web Fonts in ihren Browsercache, um Texte und Schriftarten korrekt anzuzeigen.<\/p>\n<p>Zu diesem Zweck muss der von Ihnen verwendete Browser Verbindung zu den Servern von fonts.com aufnehmen. Hierdurch erlangt fonts.com Kenntnis dar\u00fcber, dass \u00fcber Ihre IP-Adresse unsere Website aufgerufen wurde. Die Nutzung von Fonts.com Web Fonts erfolgt im Interesse einer einheitlichen und ansprechenden Darstellung unserer Online-Angebote. Dies stellt ein berechtigtes Interesse im Sinne von Art. 6 Abs. 1 lit. f DSGVO dar.<\/p>\n<p>Wenn Ihr Browser Web Fonts nicht unterst\u00fctzt, wird eine Standardschrift von Ihrem Computer genutzt.<\/p>\n<p>Weitere Informationen zu diesen Web Fonts finden Sie unter <a href=\"https:\/\/www.fonts.com\/info\/legal\">https:\/\/www.fonts.com\/info\/legal<\/a> und in der Datenschutzerkl\u00e4rung von Fonts.com: <a href=\"https:\/\/www.fonts.com\/info\/legal\/privacy\/\">https:\/\/www.fonts.com\/info\/legal\/privacy\/<\/a> und in der Datenschutzerkl\u00e4rung von Monotype GmbH: <a href=\"https:\/\/www.monotype.com\/legal\/privacy-policy\/\">https:\/\/www.monotype.com\/legal\/privacy-policy\/<\/a><\/p>\n","protected":false},"excerpt":{"rendered":"<p>Uns ist es ein wichtiges Anliegen, Ihre Daten, welche anl\u00e4sslich Ihres Besuchs bei ariplikat.de erfasst werden k\u00f6nnen, zu sch\u00fctzen. Die gesetzlichen Bestimmungen zum Schutz Ihrer Daten finden sich in der Datenschutzgrundverordnung und im Bundesdatenschutzgesetz. Verantwortliche Stelle im Sinne der datenschutzrechtlichen Bestimmungen ist Ari Plikat Thierschweg 25 44141 Dortmund 0231 515227 ari.plikat@t-online.de Nachfolgend finden Sie Informationen, [&hellip;]<\/p>\n","protected":false},"author":1,"featured_media":0,"parent":0,"menu_order":4,"comment_status":"open","ping_status":"open","template":"","meta":{"footnotes":""},"_links":{"self":[{"href":"https:\/\/www.ariplikat.de\/illustration\/wp-json\/wp\/v2\/pages\/1280"}],"collection":[{"href":"https:\/\/www.ariplikat.de\/illustration\/wp-json\/wp\/v2\/pages"}],"about":[{"href":"https:\/\/www.ariplikat.de\/illustration\/wp-json\/wp\/v2\/types\/page"}],"author":[{"embeddable":true,"href":"https:\/\/www.ariplikat.de\/illustration\/wp-json\/wp\/v2\/users\/1"}],"replies":[{"embeddable":true,"href":"https:\/\/www.ariplikat.de\/illustration\/wp-json\/wp\/v2\/comments?post=1280"}],"version-history":[{"count":6,"href":"https:\/\/www.ariplikat.de\/illustration\/wp-json\/wp\/v2\/pages\/1280\/revisions"}],"predecessor-version":[{"id":1502,"href":"https:\/\/www.ariplikat.de\/illustration\/wp-json\/wp\/v2\/pages\/1280\/revisions\/1502"}],"wp:attachment":[{"href":"https:\/\/www.ariplikat.de\/illustration\/wp-json\/wp\/v2\/media?parent=1280"}],"curies":[{"name":"wp","href":"https:\/\/api.w.org\/{rel}","templated":true}]}}